{"id":2689,"date":"2024-08-14T12:26:15","date_gmt":"2024-08-14T10:26:15","guid":{"rendered":"https:\/\/www.badbentheimerkulisse.de\/?page_id=2689"},"modified":"2024-08-14T12:31:56","modified_gmt":"2024-08-14T10:31:56","slug":"ladykillers_new","status":"publish","type":"page","link":"https:\/\/www.badbentheimerkulisse.de\/index.php\/ladykillers_new\/","title":{"rendered":"ladykillers_new"},"content":{"rendered":"\t\t<div data-elementor-type=\"wp-page\" data-elementor-id=\"2689\" class=\"elementor elementor-2689\">\n\t\t\t\t\t\t<section class=\"elementor-section elementor-top-section elementor-element elementor-element-c8a7349 elementor-section-boxed elementor-section-height-default elementor-section-height-default\" data-id=\"c8a7349\" data-element_type=\"section\" data-e-type=\"section\">\n\t\t\t\t\t\t<div class=\"elementor-container elementor-column-gap-default\">\n\t\t\t\t\t<div class=\"elementor-column elementor-col-100 elementor-top-column elementor-element elementor-element-d186d4e\" data-id=\"d186d4e\" data-element_type=\"column\" data-e-type=\"column\">\n\t\t\t<div class=\"elementor-widget-wrap elementor-element-populated\">\n\t\t\t\t\t\t<div class=\"elementor-element elementor-element-29a7f59 elementor-widget elementor-widget-text-editor\" data-id=\"29a7f59\" data-element_type=\"widget\" data-e-type=\"widget\" data-widget_type=\"text-editor.default\">\n\t\t\t\t<div class=\"elementor-widget-container\">\n\t\t\t\t\t\t\t\t\t<header style=\"box-sizing: inherit; color: rgb(58, 58, 58); font-family: -apple-system, BlinkMacSystemFont, &quot;Segoe UI&quot;, Roboto, Oxygen-Sans, Ubuntu, Cantarell, &quot;Helvetica Neue&quot;, sans-serif;\"><h1 itemprop=\"headline\" style=\"box-sizing: inherit; margin-bottom: 0.6em; clear: both; display: var(--page-title-display);\">Spielzeit 2019 \/ 2020 \u201eLadykillers\u201c<\/h1><\/header><div itemprop=\"text\" style=\"box-sizing: inherit; color: rgb(58, 58, 58); font-family: -apple-system, BlinkMacSystemFont, &quot;Segoe UI&quot;, Roboto, Oxygen-Sans, Ubuntu, Cantarell, &quot;Helvetica Neue&quot;, sans-serif;\"><div style=\"box-sizing: inherit;\"><div style=\"box-sizing: inherit; display: flex; flex-wrap: nowrap; justify-content: space-between; margin-bottom: 30px; align-items: flex-start;\"><div style=\"width: calc(60% - 12px); align-self: stretch;\"><\/div><div style=\"width: calc(40% - 18px);\"><div data-index=\"0\" style=\"box-sizing: inherit; zoom: 1;\"><div style=\"box-sizing: inherit; color: rgb(0, 0, 0);\"><div style=\"box-sizing: inherit;\"><p style=\"box-sizing: inherit; font-size: 16px;\">Eine Kriminalkom\u00f6die von William Rose<\/p><p style=\"box-sizing: inherit; font-size: 16px;\">Spielzeit 2019\/20<\/p><p style=\"box-sizing: inherit; font-size: 16px;\"><span style=\"box-sizing: inherit; font-weight: 700;\">Regie<\/span>: Erik Vo\u00df<\/p><p align=\"left\" style=\"box-sizing: inherit; font-size: 16px;\"><span style=\"box-sizing: inherit; font-weight: 700;\">Regieassistenz<\/span>: Tamara Sch\u00f6lling<\/p><\/div><\/div><\/div><\/div><\/div><div style=\"box-sizing: inherit; display: flex; flex-wrap: nowrap; justify-content: space-between; margin-bottom: 30px; align-items: flex-start;\"><div style=\"width: calc(71.3% - 8.61px);\"><div data-index=\"1\" style=\"box-sizing: inherit; zoom: 1;\"><div style=\"box-sizing: inherit; color: rgb(0, 0, 0);\"><div style=\"box-sizing: inherit;\"><p style=\"box-sizing: inherit; font-size: 16px;\"><span style=\"box-sizing: inherit; font-weight: 700;\"><span style=\"box-sizing: inherit; color: rgb(255, 153, 51);\">Die Personen und ihre Darsteller:<\/span><\/span><\/p><\/div><\/div><\/div><\/div><div style=\"width: calc(28.7% - 21.39px);\"><div data-index=\"2\" style=\"box-sizing: inherit; zoom: 1;\"><div style=\"box-sizing: inherit;\"><p style=\"box-sizing: inherit; font-size: 16px;\"><span style=\"box-sizing: inherit; color: rgb(255, 153, 51);\"><span style=\"box-sizing: inherit; font-weight: 700;\">Hinter den Kulissen:<\/span><\/span><\/p><\/div><\/div><\/div><\/div><div style=\"box-sizing: inherit; display: flex; flex-wrap: nowrap; justify-content: space-between; align-items: flex-start;\"><div style=\"width: calc(31.0176% - 20.6947px);\"><div data-index=\"3\" style=\"box-sizing: inherit; zoom: 1;\"><div style=\"box-sizing: inherit;\"><p style=\"box-sizing: inherit; font-size: 16px;\"><span style=\"box-sizing: inherit; font-weight: 700;\">Mrs. Wilberforth<br style=\"box-sizing: inherit;\"><\/span><\/p><p style=\"box-sizing: inherit; font-size: 16px;\"><span style=\"box-sizing: inherit; font-weight: 700;\">Mr. Thomson<br style=\"box-sizing: inherit;\"><\/span><\/p><p style=\"box-sizing: inherit; font-size: 16px;\"><span style=\"box-sizing: inherit; font-weight: 700;\">Mr. Romson<br style=\"box-sizing: inherit;\"><\/span><\/p><p style=\"box-sizing: inherit; font-size: 16px;\"><span style=\"box-sizing: inherit; font-weight: 700;\">Professor Marcus<br style=\"box-sizing: inherit;\"><\/span><\/p><p style=\"box-sizing: inherit; font-size: 16px;\"><span style=\"box-sizing: inherit; font-weight: 700;\">Dr. Courtenay *Doc*<br style=\"box-sizing: inherit;\"><\/span><\/p><p style=\"box-sizing: inherit; font-size: 16px;\"><span style=\"box-sizing: inherit; font-weight: 700;\">Willie Knoxton<br style=\"box-sizing: inherit;\"><\/span><\/p><p style=\"box-sizing: inherit; font-size: 16px;\"><span style=\"box-sizing: inherit; font-weight: 700;\">Louis Harvey<br style=\"box-sizing: inherit;\"><\/span><\/p><p style=\"box-sizing: inherit; font-size: 16px;\"><span style=\"box-sizing: inherit; font-weight: 700;\">Gwendolyn Livingston<br style=\"box-sizing: inherit;\"><\/span><\/p><p style=\"box-sizing: inherit; font-size: 16px;\"><span style=\"box-sizing: inherit; font-weight: 700;\">Harriet Plimshead<br style=\"box-sizing: inherit;\"><\/span><\/p><p style=\"box-sizing: inherit; font-size: 16px;\">&nbsp;<\/p><\/div><\/div><\/div><div style=\"width: calc(40.3016% - 17.9095px);\"><div data-index=\"4\" style=\"box-sizing: inherit; zoom: 1;\"><div style=\"box-sizing: inherit;\"><p style=\"box-sizing: inherit; font-size: 16px;\">Antje Arnink \/ Uta Rosenski<\/p><p style=\"box-sizing: inherit; font-size: 16px;\">Frank Herms<\/p><p style=\"box-sizing: inherit; font-size: 16px;\">Gerd Hensen \/ J\u00fcrgen Iwisnky<\/p><p style=\"box-sizing: inherit; font-size: 16px;\">Ernst R. Schr\u00f6der<\/p><p style=\"box-sizing: inherit; font-size: 16px;\">Axel Sigwart<\/p><p style=\"box-sizing: inherit; font-size: 16px;\">Heiko Arnink<\/p><p style=\"box-sizing: inherit; font-size: 16px;\">Benedikt Volkery<\/p><p style=\"box-sizing: inherit; font-size: 16px;\">Gerlind Bl\u00f6mers \/Jutta Poker<\/p><p style=\"box-sizing: inherit; font-size: 16px;\">Irmgard Schr\u00f6der<\/p><p style=\"box-sizing: inherit; font-size: 16px;\">&nbsp;<\/p><\/div><\/div><\/div><div style=\"width: calc(28.6808% - 21.3957px);\"><div data-index=\"5\" style=\"box-sizing: inherit; zoom: 1;\"><div style=\"box-sizing: inherit;\"><p style=\"box-sizing: inherit; font-size: 16px;\"><span style=\"box-sizing: inherit; font-weight: 700;\">B\u00fchnenbild:&nbsp;<\/span>Erik Vo\u00df<\/p><p style=\"box-sizing: inherit; font-size: 16px;\"><span style=\"box-sizing: inherit; font-weight: 700;\">B\u00fchnenbau<\/span>: Carsten Benjack, Heinrich Kl\u00fcsener, J\u00fcrgen Merkator, Christof Rosenski,&nbsp; J\u00fcrgen Iwinsky &amp; Ensemble<\/p><p style=\"box-sizing: inherit; font-size: 16px;\"><span style=\"box-sizing: inherit; font-weight: 700;\">Kost\u00fcme<\/span>: Ensemble<\/p><p style=\"box-sizing: inherit; font-size: 16px;\"><span style=\"box-sizing: inherit; font-weight: 700;\">Maske<\/span>: Bianca Arndt, Gundi Merkator, Tamara Sch\u00f6lling<\/p><p style=\"box-sizing: inherit; font-size: 16px;\"><span style=\"box-sizing: inherit; font-weight: 700;\">Requisiten<\/span>: Rolf Benjack<\/p><p style=\"box-sizing: inherit; font-size: 16px;\"><span style=\"box-sizing: inherit; font-weight: 700;\">Tonaufnahmen:&nbsp;<\/span>Carsten Benjack<\/p><p style=\"box-sizing: inherit; font-size: 16px;\"><span style=\"box-sizing: inherit; font-weight: 700;\">Techn.Effekte<\/span>: Carsten Benjack<\/p><p style=\"box-sizing: inherit; font-size: 16px;\"><span style=\"box-sizing: inherit; font-weight: 700;\">B\u00fchnentechnik<\/span>: Carsten Benjack; Katrin Bomball, Hauke Scheffel<\/p><\/div><\/div><\/div><\/div><\/div><\/div>\t\t\t\t\t\t\t\t<\/div>\n\t\t\t\t<\/div>\n\t\t\t\t\t<\/div>\n\t\t<\/div>\n\t\t\t\t\t<\/div>\n\t\t<\/section>\n\t\t\t\t<\/div>\n\t\t","protected":false},"excerpt":{"rendered":"<p>Spielzeit 2019 \/ 2020 \u201eLadykillers\u201c Eine Kriminalkom\u00f6die von William Rose Spielzeit 2019\/20 Regie: Erik Vo\u00df Regieassistenz: Tamara Sch\u00f6lling Die Personen [&hellip;]<\/p>\n","protected":false},"author":2,"featured_media":0,"parent":0,"menu_order":0,"comment_status":"closed","ping_status":"closed","template":"","meta":{"site-sidebar-layout":"no-sidebar","site-content-layout":"","ast-site-content-layout":"full-width-container","site-content-style":"default","site-sidebar-style":"default","ast-global-header-display":"","ast-banner-title-visibility":"","ast-main-header-display":"","ast-hfb-above-header-display":"","ast-hfb-below-header-display":"","ast-hfb-mobile-header-display":"","site-post-title":"disabled","ast-breadcrumbs-content":"","ast-featured-img":"disabled","footer-sml-layout":"","ast-disable-related-posts":"","theme-transparent-header-meta":"","adv-header-id-meta":"","stick-header-meta":"","header-above-stick-meta":"","header-main-stick-meta":"","header-below-stick-meta":"","astra-migrate-meta-layouts":"default","ast-page-background-enabled":"default","ast-page-background-meta":{"desktop":{"background-color":"var(--ast-global-color-4)","background-image":"","background-repeat":"repeat","background-position":"center center","background-size":"auto","background-attachment":"scroll","background-type":"","background-media":"","overlay-type":"","overlay-color":"","overlay-opacity":"","overlay-gradient":""},"tablet":{"background-color":"","background-image":"","background-repeat":"repeat","background-position":"center center","background-size":"auto","background-attachment":"scroll","background-type":"","background-media":"","overlay-type":"","overlay-color":"","overlay-opacity":"","overlay-gradient":""},"mobile":{"background-color":"","background-image":"","background-repeat":"repeat","background-position":"center center","background-size":"auto","background-attachment":"scroll","background-type":"","background-media":"","overlay-type":"","overlay-color":"","overlay-opacity":"","overlay-gradient":""}},"ast-content-background-meta":{"desktop":{"background-color":"var(--ast-global-color-5)","background-image":"","background-repeat":"repeat","background-position":"center center","background-size":"auto","background-attachment":"scroll","background-type":"","background-media":"","overlay-type":"","overlay-color":"","overlay-opacity":"","overlay-gradient":""},"tablet":{"background-color":"var(--ast-global-color-5)","background-image":"","background-repeat":"repeat","background-position":"center center","background-size":"auto","background-attachment":"scroll","background-type":"","background-media":"","overlay-type":"","overlay-color":"","overlay-opacity":"","overlay-gradient":""},"mobile":{"background-color":"var(--ast-global-color-5)","background-image":"","background-repeat":"repeat","background-position":"center center","background-size":"auto","background-attachment":"scroll","background-type":"","background-media":"","overlay-type":"","overlay-color":"","overlay-opacity":"","overlay-gradient":""}},"footnotes":""},"class_list":["post-2689","page","type-page","status-publish","hentry"],"_links":{"self":[{"href":"https:\/\/www.badbentheimerkulisse.de\/index.php\/wp-json\/wp\/v2\/pages\/2689","targetHints":{"allow":["GET"]}}],"collection":[{"href":"https:\/\/www.badbentheimerkulisse.de\/index.php\/wp-json\/wp\/v2\/pages"}],"about":[{"href":"https:\/\/www.badbentheimerkulisse.de\/index.php\/wp-json\/wp\/v2\/types\/page"}],"author":[{"embeddable":true,"href":"https:\/\/www.badbentheimerkulisse.de\/index.php\/wp-json\/wp\/v2\/users\/2"}],"replies":[{"embeddable":true,"href":"https:\/\/www.badbentheimerkulisse.de\/index.php\/wp-json\/wp\/v2\/comments?post=2689"}],"version-history":[{"count":0,"href":"https:\/\/www.badbentheimerkulisse.de\/index.php\/wp-json\/wp\/v2\/pages\/2689\/revisions"}],"wp:attachment":[{"href":"https:\/\/www.badbentheimerkulisse.de\/index.php\/wp-json\/wp\/v2\/media?parent=2689"}],"curies":[{"name":"wp","href":"https:\/\/api.w.org\/{rel}","templated":true}]}}