{"id":162,"date":"2018-02-14T08:40:34","date_gmt":"2018-02-14T08:40:34","guid":{"rendered":"http:\/\/www.badbentheimerkulisse.de\/?page_id=162"},"modified":"2023-03-12T14:11:34","modified_gmt":"2023-03-12T13:11:34","slug":"impressum-2","status":"publish","type":"page","link":"https:\/\/www.badbentheimerkulisse.de\/index.php\/impressum-2\/","title":{"rendered":"Impressum"},"content":{"rendered":"\n<div class=\"wp-block-siteorigin-panels-layout-block\"><div id=\"pl-162\"  class=\"panel-layout\" ><div id=\"pg-162-0\"  class=\"panel-grid panel-no-style\" ><div id=\"pgc-162-0-0\"  class=\"panel-grid-cell\" ><div id=\"panel-162-0-0-0\" class=\"so-panel widget widget_sow-editor panel-first-child panel-last-child\" data-index=\"0\" ><div\n\t\t\t\n\t\t\tclass=\"so-widget-sow-editor so-widget-panels-preview\"\n\t\t\t\n\t\t>\n<div class=\"siteorigin-widget-tinymce textwidget\">\n\t<\/div>\n<\/div><\/div><\/div><div id=\"pgc-162-0-1\"  class=\"panel-grid-cell\" ><div id=\"panel-162-0-1-0\" class=\"so-panel widget widget_text panel-first-child panel-last-child\" data-index=\"1\" >\t\t\t<div class=\"textwidget\"><p>Inhaltliche Verantwortung:<\/p>\n<p>Bad Bentheimer Kulisse<br \/>\nAm Kathagen 58<br \/>\nD-48455 Bad Bentheim<br \/>\nWebmaster:\u00a0 <img loading=\"lazy\" decoding=\"async\" loading=\"lazy\" class=\"alignnone wp-image-250 size-medium\" src=\"http:\/\/www.badbentheimerkulisse.de\/wp-content\/uploads\/2018\/06\/Webmaster-at-300x21.jpg\" alt=\"webmaster[-at-]badbentheimerkulisse.de\" width=\"300\" height=\"21\" \/><br \/>\nWebmaster der Bad Bentheimer Kulisse<\/p>\n<p>Vertretungsberechtig:<br \/>\nHeiko Arnink, Ernst Schr\u00f6der<\/p>\n<p>Kontakt:<br \/>\nFon: +49.5922.4555<br \/>\nFax: +49.5922.904209<br \/>\nE-mail: \u00a0 <img loading=\"lazy\" decoding=\"async\" loading=\"lazy\" class=\"alignnone wp-image-1962\" src=\"https:\/\/www.badbentheimerkulisse.de\/wp-content\/uploads\/2023\/03\/Infoat-300x23.jpg\" alt=\"\" width=\"274\" height=\"21\" srcset=\"https:\/\/www.badbentheimerkulisse.de\/wp-content\/uploads\/2023\/03\/Infoat-300x23.jpg 300w, https:\/\/www.badbentheimerkulisse.de\/wp-content\/uploads\/2023\/03\/Infoat-1024x80.jpg 1024w, https:\/\/www.badbentheimerkulisse.de\/wp-content\/uploads\/2023\/03\/Infoat-768x60.jpg 768w, https:\/\/www.badbentheimerkulisse.de\/wp-content\/uploads\/2023\/03\/Infoat.jpg 1183w\" sizes=\"auto, (max-width: 274px) 100vw, 274px\" \/><br \/>\nweb: <a href=\"http:\/\/www.badbentheimerkulisse.de\">www.badbentheimerkulisse.de<\/a><\/p>\n<p>Haftung:<br \/>\nDie Inhalte externer Links werden von uns nicht gepr\u00fcft. Sie unterliegen der Haftung der einzelnen Anbieter.<\/p>\n<p>Datenschutzhinweise:<br \/>\n(Bitte beachten)<br \/>\nErhoben und gespeichert werden lediglich statistische Daten \u00fcber Zugriffe auf dieser Website ohne einen konkreten Personenbezug (Anzahl der abgerufenen Seiten pro Tag und Woche, Rangfolge der besuchten Seiten, Rangfolge der angeklickten Links zu externen Seiten). Dies geschieht in \u00dcbereinstimmung mit den geltenden Datenschutzgesetzen. Uns ist insbesondere nicht bekannt, wer sich wie lange auf unseren Seiten eingew\u00e4hlt hat und wie sich der- oder diejenige im Rahmen der Seitenbesuche verhalten hat.<\/p>\n<p>Alle auf dieser Website genannten Personen widersprechen hiermit ausdr\u00fccklich jeder kommerziellen Verwendung und Weitergabe ihrer Daten (vgl. \u00a7 28 BDSG).<br \/>\nAll persons who are mentioned on this website strongly object any use of their addresses for commercial purposes (\u00a7 28 of the German Federal Law on the Protection of Privacy).<\/p>\n<p>Urheberrechtshinweise:<br \/>\nAlle auf dieser Website ver\u00f6ffentlichten Beitr\u00e4ge und Abbildungen sind urheberrechtlich gesch\u00fctzt. Jede vom Urheberrechtsgesetz nicht zugelassene Verwertung bedarf der vorhergehenden schriftlichen Zustimmung der Anbieter. Dies gilt insbesondere f\u00fcr Vervielf\u00e4ltigung, Bearbeitung, \u00dcbersetzung, Einspeicherung, Verarbeitung bzw. Wiedergabe von Inhalten in Datenbanken oder anderen elektronischen Medien und Systemen. Fotokopien und Downloads von Web-Seiten d\u00fcrfen nur f\u00fcr den pers\u00f6nlichen, privaten und nicht kommerziellen Gebrauch hergestellt werden.<\/p>\n<p>Kommunikation \u00fcber eMail:<\/p>\n<p>Die Kommunikation via eMail kann erhebliche Sicherheitsl\u00fccken aufweisen. Eine Haftung f\u00fcr etwaige Sch\u00e4den, die einem Besucher unserer Webseiten, und\/oder verlinkter Seiten, durch Nutzung der elektronischen Post m\u00f6glicherweise entsteht ist ausgeschlossen.<\/p>\n<\/div>\n\t\t<\/div><\/div><\/div><\/div><\/div>\n","protected":false},"excerpt":{"rendered":"","protected":false},"author":1,"featured_media":37,"parent":0,"menu_order":7,"comment_status":"closed","ping_status":"closed","template":"","meta":{"site-sidebar-layout":"default","site-content-layout":"","ast-site-content-layout":"default","site-content-style":"default","site-sidebar-style":"default","ast-global-header-display":"","ast-banner-title-visibility":"","ast-main-header-display":"","ast-hfb-above-header-display":"","ast-hfb-below-header-display":"","ast-hfb-mobile-header-display":"","site-post-title":"","ast-breadcrumbs-content":"","ast-featured-img":"","footer-sml-layout":"","ast-disable-related-posts":"","theme-transparent-header-meta":"","adv-header-id-meta":"","stick-header-meta":"","header-above-stick-meta":"","header-main-stick-meta":"","header-below-stick-meta":"","astra-migrate-meta-layouts":"default","ast-page-background-enabled":"default","ast-page-background-meta":{"desktop":{"background-color":"var(--ast-global-color-4)","background-image":"","background-repeat":"repeat","background-position":"center center","background-size":"auto","background-attachment":"scroll","background-type":"","background-media":"","overlay-type":"","overlay-color":"","overlay-opacity":"","overlay-gradient":""},"tablet":{"background-color":"","background-image":"","background-repeat":"repeat","background-position":"center center","background-size":"auto","background-attachment":"scroll","background-type":"","background-media":"","overlay-type":"","overlay-color":"","overlay-opacity":"","overlay-gradient":""},"mobile":{"background-color":"","background-image":"","background-repeat":"repeat","background-position":"center center","background-size":"auto","background-attachment":"scroll","background-type":"","background-media":"","overlay-type":"","overlay-color":"","overlay-opacity":"","overlay-gradient":""}},"ast-content-background-meta":{"desktop":{"background-color":"var(--ast-global-color-5)","background-image":"","background-repeat":"repeat","background-position":"center center","background-size":"auto","background-attachment":"scroll","background-type":"","background-media":"","overlay-type":"","overlay-color":"","overlay-opacity":"","overlay-gradient":""},"tablet":{"background-color":"var(--ast-global-color-5)","background-image":"","background-repeat":"repeat","background-position":"center center","background-size":"auto","background-attachment":"scroll","background-type":"","background-media":"","overlay-type":"","overlay-color":"","overlay-opacity":"","overlay-gradient":""},"mobile":{"background-color":"var(--ast-global-color-5)","background-image":"","background-repeat":"repeat","background-position":"center center","background-size":"auto","background-attachment":"scroll","background-type":"","background-media":"","overlay-type":"","overlay-color":"","overlay-opacity":"","overlay-gradient":""}},"footnotes":""},"class_list":["post-162","page","type-page","status-publish","has-post-thumbnail","hentry"],"_links":{"self":[{"href":"https:\/\/www.badbentheimerkulisse.de\/index.php\/wp-json\/wp\/v2\/pages\/162","targetHints":{"allow":["GET"]}}],"collection":[{"href":"https:\/\/www.badbentheimerkulisse.de\/index.php\/wp-json\/wp\/v2\/pages"}],"about":[{"href":"https:\/\/www.badbentheimerkulisse.de\/index.php\/wp-json\/wp\/v2\/types\/page"}],"author":[{"embeddable":true,"href":"https:\/\/www.badbentheimerkulisse.de\/index.php\/wp-json\/wp\/v2\/users\/1"}],"replies":[{"embeddable":true,"href":"https:\/\/www.badbentheimerkulisse.de\/index.php\/wp-json\/wp\/v2\/comments?post=162"}],"version-history":[{"count":0,"href":"https:\/\/www.badbentheimerkulisse.de\/index.php\/wp-json\/wp\/v2\/pages\/162\/revisions"}],"wp:featuredmedia":[{"embeddable":true,"href":"https:\/\/www.badbentheimerkulisse.de\/index.php\/wp-json\/"}],"wp:attachment":[{"href":"https:\/\/www.badbentheimerkulisse.de\/index.php\/wp-json\/wp\/v2\/media?parent=162"}],"curies":[{"name":"wp","href":"https:\/\/api.w.org\/{rel}","templated":true}]}}